ppose -5*q = -0*q - 10, -5*f = 2*q - 19. Let p be 0 + (f - 17)/(-1). Is 4/p + 1212/21 a composite number?
True
Suppose 4*c - 4*o - 16 = 0, -o + 5 = 5*c - 21. Suppose 3*j - 5 = -f + c, -5*f - 3*j = -86. Is f prime?
True
Let f = -107 - -107. Let x be (0*2/4)/(-2). Suppose x = 3*l + c - 2*c - 768, -2*l - 2*c + 520 = f. Is l prime?
True
Suppose -2*x + 10 = -0. Let u(s) = x + 3*s - 7*s - 2*s**3 - s**2 - 3*s. Is u(-6) a prime number?
True
Let q = -9 + 11. Suppose 0 = -5*n - q*t + 39 + 168, -t = 5*n - 211. Is n a prime number?
True
Let v(y) be the third derivative of -y**9/60480 + y**8/6720 + y**7/2520 - y**6/720 - y**5/60 + 2*y**2. Let s(w) be the third derivative of v(w). Is s(-2) prime?
False
Let l(g) be the third derivative of g**6/120 + g**5/15 - g**4/8 + g**3/3 - 3*g**2. Is l(-4) composite?
True
Let z = 466 - -1552. Is z a composite number?
True
Let s(z) be the third derivative of -11*z**5/120 - z**4/12 - z**3/3 + z**2. Let v(w) be the first derivative of s(w). Is v(-5) prime?
True
Let p(r) = 4 + 1 - r**2 + 8*r + 2*r**2. Is p(-12) composite?
False
Let s(m) = -6*m**3 + 4*m**2 - 6. Let d be s(-5). Let l = -287 + d. Is l a composite number?
False
Let t(a) = -a**3 - 11*a**2 - a + 10. Is t(-12) composite?
True
Let a(b) = b**2 + 8*b - 7. Let s(t) = t - 1. Let y(i) = a(i) - 4*s(i). Suppose 4*q + 4*r - 24 = 0, -4*q - q = 3*r - 30. Is y(q) a composite number?
True
Suppose -138 = g + 5*u - 680, -3*u = 4*g - 2117. Is g a prime number?
False
Let c(k) = 3*k - 10. Let i be c(5). Suppose 0 = -i*u - 4*z + 435, -u + 3*u + z = 177. Is u prime?
False
Suppose 0*w + 816 = -3*w. Let n = -123 - w. Is n composite?
False
Let c(z) = 9*z - 2. Let y be c(2). Suppose y + 19 = -5*d. Is (-330)/(-4) + d/(-14) prime?
True
Let d(k) = 2*k**2 - 4*k + 10. Suppose 0*a - 2*a + 12 = -t, 3*a + 4*t = 29. Let j be d(a). Suppose 2*o + 5*w = 55, 5*o + w + 0*w = j. Is o prime?
False
Let p be 7 - 0 - (-1 - -4). Suppose 8*c + 8 = p*c. Let k = 76 + c. Is k composite?
True
Let b(a) = -a**3 - 5*a**2 - 5*a - 4. Let w = 5 + -12. Let o = w - -2. Is b(o) composite?
True
Let d be 4/(-8) - 19/(-2). Let z be d*(-1 - -2)*1. Is (-38)/(-6) + (-3)/z a prime number?
False
Suppose -4*q - 3*d = -2939, 4*q - 1486 = 2*q + 4*d. Is q a prime number?
False
Let v(r) = -6*r**3 + r**2 + 1. Is v(-2) prime?
True
Suppose 2*p - 4 + 0 = 0. Is (492/(-48))/(p/(-16)) a prime number?
False
Let p(n) = -n**3 + 5*n**2 + 5*n - 6. Let y be p(5). Suppose 4*v - y = -3. Suppose 4*z + 2*m - 94 = 0, -v - 63 = -3*z + 2*m. Is z prime?
True
Suppose -5*a = -a - 1204. Is a a prime number?
False
Suppose -3 = 3*y - 0. Let a(d) = -7*d**3 + d**2 + d. Let n be a(y). Is n + (2 + -4)*-1 a prime number?
False
Suppose 0 = 11*p - 9*p - 90. Is (-3)/(-2 + p/23) a prime number?
False
Suppose 0 = -2*q - 5*b + 310 - 57, -589 = -5*q + 2*b. Let y = q + -60. Is y a prime number?
True
Suppose 11 + 8 = m - 4*a, 4*a = -3*m - 23. Is m/3 - 224/(-6) a prime number?
True
Let c(w) = -w**3 + 6*w**2 + 3. Let r be c(6). Let s = r + 0. Suppose -63 = -u - s*j - 1, u - 3*j - 92 = 0. Is u a prime number?
False
Suppose -3*v = -4*t - 1885, 5*v + 0*v - 4*t - 3131 = 0. Is v a composite number?
True
Let m = -1 + 2. Let o = 5 + m. Suppose 2*j + j + o = 0, -2*q = -3*j - 44. Is q prime?
True
Suppose 10*p - 816 - 414 = 0. Is p a composite number?
True
Suppose h - 8 = 3*h. Let o(a) = 3*a - 170 + 337 - 162 + 2*a**2. Is o(h) prime?
False
Let g(t) = 4*t**2 - 2*t - 9 - 5 + 17. Is g(4) prime?
True
Let t be (-173)/9 + (-2)/(-9). Let b = 0 - t. Let h = -8 + b. Is h a composite number?
False
Is (-2)/(3343/1115 + -3) a prime number?
False
Let g = 375 - 136. Is g prime?
True
Suppose 0*w - 3*w + 1119 = 0. Suppose 3*d - 8 - w = 0. Is d a prime number?
True
Let b(x) = x + 2. Let g be b(-2). Let c be g/((0 - 0) + 1). Is 9 - c - (4 + -2) a prime number?
True
Let u be (12 - 2) + (1 - 4). Suppose u*m - 565 = -5*l + 4*m, -4*m = -5*l + 565. Is l a composite number?
False
Let u = -1498 + 2201. Is u composite?
True
Suppose -l - 42 = -511. Is l composite?
True
Let t(k) = k**3 - 6*k**2 + 4*k + 6. Let v be t(5). Suppose -23 = 2*s + v. Is (s/6)/((-2)/53) a composite number?
False
Let x(r) = -5*r. Let q be x(-1). Suppose -17 = -4*z + 3*z + b, q*b = 2*z - 28. Is z a composite number?
False
Let y(n) be the third derivative of -n**5/60 - 13*n**4/24 + 2*n**3/3 - n**2. Is y(-6) composite?
True
Let r(p) = -3*p**3 - p**2 - 5*p - 2. Is r(-4) a composite number?
True
Let r be 0 - (-16 + -3 + 3). Is (5 - (-1 - -3)) + r composite?
False
Let t = -10 - -43. Let z = -4 + 7. Suppose z*l = 126 - t. Is l prime?
True
Suppose 5*r + 27448 = 13*r. Is r a prime number?
False
Let q(n) = -n - 2. Let a be q(-6). Suppose -x + 155 = 3*i - 2*x, a*i - 5*x - 192 = 0. Is i composite?
False
Let q(d) = 6*d**3 - 8*d**2 + 3*d - 7. Let f be q(6). Suppose -5*r + f = a, -5*r + 1023 = -0*a + 2*a. Is r prime?
False
Let z(k) = 127*k + 27. Is z(8) a prime number?
False
Let j = -1 - -4. Suppose -2*q = -j*s - q - 5, -3*s = 4*q - 20. Is (s + -7)*-1 - -3 composite?
True
Let g(y) = y - 4. Let i be g(-3). Is (-1100)/(-28) - (-2)/i a composite number?
True
Let a(t) = t + 2. Let l be a(0). Suppose l = 3*m + 5. Is 303/6 + m/(-2) composite?
True
Let w(s) = 3*s**2 - 4*s + 10. Is w(5) a prime number?
False
Suppose 2*t - 467 = -3*w + 1992, 4*w = -t + 3282. Is w a composite number?
False
Let q = 85 - -31. Suppose -166 = -3*l + q. Is l a prime number?
False
Is 6/12 + (-717)/(-2) a prime number?
True
Let z = 28 - 2. Is z composite?
True
Let r(h) = 25*h**2 + 25*h - 9. Is r(10) a prime number?
True
Let z = -736 - -1229. Is z a prime number?
False
Let s = 445 + -838. Is s*3/(-9)*1 prime?
True
Suppose g - 1 = -2*b, 2*g + 14 = b + 3*b. Suppose -2*s - 386 = d - 992, -5*d - 582 = -b*s. Is s a composite number?
True
Suppose -2*n - 3*s + 381 = 0, n - 2*s - 190 = -3*s. Let a be n/(-28)*4/1. Let m = 78 + a. Is m prime?
False
Suppose 3*k = -2*k + 1565. Suppose 0 = -5*h - k + 1558. Is h composite?
True
Let o = -2 - 104. Let r = -189 - o. Is 2 + (-4)/(4/r) a composite number?
True
Let f be ((-6)/9)/((-1)/(-105)). Suppose 4*h + 95 + 61 = 0. Let m = h - f. Is m a composite number?
False
Let h = 1941 + -1378. Is h prime?
True
Let d = 2199 - 1084. Is d a composite number?
True
Let o(g) = -9*g + 6. Let t(j) = -7*j + 2*j**2 + 0*j**2 + 7 + 20*j - j**2. Let m be t(-12). Is o(m) a prime number?
False
Is (-78)/273 + (-1 - 268/(-7)) a prime number?
True
Let q(y) = 168*y**2 + 2*y - 2. Is q(2) a prime number?
False
Suppose 2*m + 3*b - 1945 = -2*m, 0 = 2*m - 5*b - 979. Is m a composite number?
False
Let w(h) = h**3 - h**2 + 2. Let r be w(0). Let b = 0 + r. Let i(g) = 50*g**2 + 2*g - 1. Is i(b) a composite number?
True
Let q = -9 + 9. Suppose 5 = -3*n + 20. Suppose q*c + 1735 = n*c. Is c composite?
False
Let p(y) = -5*y. Let m(o) = 5*o - 1. Let d(t) = -3*m(t) - 4*p(t). Is d(6) prime?
False
Let n = 12 + -5. Let w = n + -5. Is (-298)/(w*3/(-3)) composite?
False
Suppose f = 2*f + 31. Let d = f - -210. Is d composite?
False
Let r = 4 - 2. Suppose 4 = 2*m, 6*o = o - r*m + 199. Is o composite?
True
Let w be (2 + 500/(-8))*-6. Suppose -f - 2*f + w = 0. Is f prime?
False
Let i = -4 - -8. Suppose i*x - 3 = 13. Is x a prime number?
False
Let g be (12/10)/(3/20). Let u be (-7)/(-28) - (-126)/g. Let m = u - 9. Is m composite?
False
Suppose 0 = -4*j - 16, -f - 3*f + 20 = -3*j. Suppose -w + 23 = -f. Let i = w + -10. Is i composite?
True
Is (-2)/(-6) + (-10824)/(-36) a composite number?
True
Let f(t) = -4 + 27 + 8 + t. Suppose 0 = -2*g - 2*g. Is f(g) a prime number?
True
Let h = -6 - -14. Suppose 3*k = -k + h. Suppose -y = -0*y - 4*j - 45, j = -k*y + 45. Is y a composite number?
True
Let v = 325 + -108. Is v a prime number?
False
Suppose -5*r = -4*q - 395, -2*r + 390 = 3*r - 3*q. Suppose 3*f - 545 = 4*a, -f + a - r = -258. Is f a prime number?
False
Let k(q) = 4*q**3 + 3*q**2 + 4. Let c be k(-3). Is (0 - c)/(2 + -1) prime?
False
Suppose 32 - 272 = -v - 5*u, 0 = 4*u - 20. Is v a prime number?
False
Suppose k = -5*h + 23, 2*h - 6*k + 2*k + 4 = 0. Let r = h - -6. Suppose 2 = 2*j - r. Is j prime?
False
Suppose -3*z - 7 + 4 = 0. Is (4 - 101)/1*z prime?
True
Suppose 0 = 2*b + b - 3*p - 15, 2*p + 15 = 3*b. Suppose -b*o = -2*o - 6. Is o/(-7) + 531/21 prime?
False
Suppose 2*g - 2*a - 1443 - 267 = 0, -5*g - 4*a 